he prime factors of 1710.
2, 3, 5, 19
List the prime factors of 35856.
2, 3, 83
List the prime factors of 29414.
2, 7, 11, 191
What are the prime factors of 878?
2, 439
What are the prime factors of 47380?
2, 5, 23, 103
What are the prime factors of 25343?
25343
What are the prime factors of 25?
5
List the prime factors of 363.
3, 11
List the prime factors of 725.
5, 29
List the prime factors of 15072.
2, 3, 157
What are the prime factors of 60921?
3, 7, 967
List the prime factors of 15414.
2, 3, 7, 367
List the prime factors of 1619.
1619
What are the prime factors of 28369?
11, 2579
What are the prime factors of 8768?
2, 137
What are the prime factors of 2924?
2, 17, 43
What are the prime factors of 18637?
18637
List the prime factors of 10210.
2, 5, 1021
What are the prime factors of 2721?
3, 907
List the prime factors of 6286.
2, 7, 449
List the prime factors of 3346.
2, 7, 239
What are the prime factors of 2237?
2237
List the prime factors of 6354.
2, 3, 353
What are the prime factors of 1368?
2, 3, 19
What are the prime factors of 3566?
2, 1783
List the prime factors of 7229.
7229
What are the prime factors of 127?
127
What are the prime factors of 6364?
2, 37, 43
List the prime factors of 44613.
3, 4957
List the prime factors of 885.
3, 5, 59
What are the prime factors of 77?
7, 11
List the prime factors of 776.
2, 97
What are the prime factors of 9711?
3, 13, 83
List the prime factors of 187.
11, 17
List the prime factors of 6334.
2, 3167
List the prime factors of 5054.
2, 7, 19
List the prime factors of 46754.
2, 97, 241
What are the prime factors of 17919?
3, 11, 181
What are the prime factors of 2603?
19, 137
What are the prime factors of 2950?
2, 5, 59
What are the prime factors of 8311?
8311
What are the prime factors of 39132?
2, 3, 1087
List the prime factors of 37811.
37811
What are the prime factors of 31302?
2, 3, 37, 47
What are the prime factors of 1706?
2, 853
List the prime factors of 160515.
3, 5, 29, 41
What are the prime factors of 494?
2, 13, 19
List the prime factors of 1615.
5, 17, 19
List the prime factors of 60357.
3, 11, 31, 59
List the prime factors of 13189.
11, 109
What are the prime factors of 3901?
47, 83
What are the prime factors of 10855?
5, 13, 167
What are the prime factors of 797?
797
What are the prime factors of 12794?
2, 6397
List the prime factors of 10063.
29, 347
List the prime factors of 438.
2, 3, 73
List the prime factors of 142571.
11, 13, 997
What are the prime factors of 19431?
3, 17, 127
What are the prime factors of 27849?
3, 9283
List the prime factors of 5750.
2, 5, 23
List the prime factors of 8555.
5, 29, 59
What are the prime factors of 42516?
2, 3, 1181
What are the prime factors of 11637?
3, 431
What are the prime factors of 21297?
3, 31, 229
What are the prime factors of 756?
2, 3, 7
List the prime factors of 6085.
5, 1217
List the prime factors of 206.
2, 103
List the prime factors of 389.
389
List the prime factors of 136961.
11, 12451
What are the prime factors of 385?
5, 7, 11
What are the prime factors of 2356?
2, 19, 31
List the prime factors of 18166.
2, 31, 293
What are the prime factors of 2931?
3, 977
List the prime factors of 46554.
2, 3, 7759
What are the prime factors of 40809?
3, 61, 223
What are the prime factors of 1337?
7, 191
What are the prime factors of 58134?
2, 3, 9689
What are the prime factors of 1721?
1721
List the prime factors of 3198.
2, 3, 13, 41
List the prime factors of 5372.
2, 17, 79
List the prime factors of 2339.
2339
List the prime factors of 1971.
3, 73
What are the prime factors of 19105?
5, 3821
What are the prime factors of 1885?
5, 13, 29
List the prime factors of 31960.
2, 5, 17, 47
List the prime factors of 2699.
2699
List the prime factors of 56641.
13, 4357
List the prime factors of 43372.
2, 7, 1549
List the prime factors of 28170.
2, 3, 5, 313
List the prime factors of 128081.
263, 487
List the prime factors of 4619.
31, 149
List the prime factors of 14064.
2, 3, 293
What are the prime factors of 21609?
3, 7
What are the prime factors of 3111?
3, 17, 61
What are the prime factors of 31895?
5, 6379
What are the prime factors of 334?
2, 167
What are the prime factors of 2098?
2, 1049
What are the prime factors of 511?
7, 73
What are the prime factors of 7316?
2, 31, 59
What are the prime factors of 8772?
2, 3, 17, 43
List the prime factors of 3146.
2, 11, 13
What are the prime factors of 14915?
5, 19, 157
List the prime factors of 1851.
3, 617
List the prime factors of 3297.
3, 7, 157
List the prime factors of 33680.
2, 5, 421
What are the prime factors of 5922?
2, 3, 7, 47
What are the prime factors of 674?
2, 337
What are the prime factors of 885?
3, 5, 59
What are the prime factors of 2929?
29, 101
List the prime factors of 8609.
8609
What are the prime factors of 7130?
2, 5, 23, 31
What are the prime factors of 7335?
3, 5, 163
List the prime factors of 9086.
2, 7, 11, 59
List the prime factors of 524.
2, 131
What are the prime factors of 1954?
2, 977
What are the prime factors of 174693?
3, 58231
List the prime factors of 31939.
19, 41
What are the prime factors of 475?
5, 19
What are the prime factors of 954?
2, 3, 53
What are the prime factors of 2511?
3, 31
What are the prime factors of 520?
2, 5, 13
What are the prime factors of 28259?
7, 11, 367
List the prime factors of 9273.
3, 11, 281
List the prime factors of 34378.
2, 17189
What are the prime factors of 71885?
5, 11, 1307
List the prime factors of 16370.
2, 5, 1637
What are the prime factors of 8390?
2, 5, 839
List the prime factors of 30347.
30347
List the prime factors of 1863.
3, 23
List the prime factors of 13068.
2, 3, 11
What are the prime factors of 54826?
2, 79, 347
List the prime factors of 640.
2, 5
What are the prime factors of 891?
3, 11
What are the prime factors of 2608?
2, 163
List the prime factors of 2876.
2, 719
List the prime factors of 138647.
138647
What are the prime factors of 4085?
5, 19, 43
List the prime factors of 99.
3, 11
What are the prime factors of 934?
2, 467
List the prime factors of 1539.
3, 19
List the prime factors of 10114.
2, 13, 389
What are the prime factors of 337?
337
What are the prime factors of 4608?
2, 3
What are the prime factors of 49763?
7, 7109
What are the prime factors of 2416?
2, 151
List the prime factors of 1615.
5, 17, 19
List the prime factors of 689.
13, 53
What are the prime factors of 44610?
2, 3, 5, 1487
List the prime factors of 5913.
3, 73
List the prime factors of 6779.
6779
List the prime factors of 5012.
2, 7, 179
List the prime factors of 10037.
10037
List the prime factors of 1550.
2, 5, 31
List the prime factors of 2446.
2, 1223
List the prime factors of 1116.
2, 3, 31
List the prime factors of 55192.
2, 6899
What are the prime factors of 2890?
2, 5, 17
List the prime factors of 2290.
2, 5, 229
List the prime factors of 908.
2, 227
What are the prime factors of 23068?
2, 73, 79
What are the prime factors of 3098?
2, 1549
List the prime factors of 4059.
3, 11, 41
What are the prime factors of 18061?
18061
List the prime factors of 153412.
2, 7, 5479
What are the prime factors of 17829?
3, 7, 283
List the prime factors of 75794.
2, 37897
What are the prime factors of 33365?
5, 6673
List the prime factors of 3337.
47, 71
What are the prime factors of 46?
2, 23
What are the prime factors of 3475?
5, 139
List the prime factors of 3877.
3877
List the prime factors of 1007.
19, 53
What are the prime factors of 5174?
2, 13, 199
List the prime factors of 638.
2, 11, 29
What are the prime factors of 2517?
3, 839
List the prime factors of 61278.
2, 3, 7, 1459
List the prime factors of 1262.
2, 631
List the prime factors of 49747.
49747
List the prime factors of 5816.
2, 727
List the prime factors of 23275.
5, 7, 19
What are the prime factors of 1368?
2, 3, 19
List the prime factors of 39543.
3, 7, 269
What are the prime factors of 14852?
2, 47, 79
What are the prime factors of 1978?
2, 23, 43
What are the prime factors of 13190?
2, 5, 1319
What are the prime factors of 693?
3, 7, 11
List the prime factors of 2173.
41, 53
What are the prime factors of 3686?
2, 19, 97
What are the prime factors of 108924?
2, 3, 29, 313
What are the prime factors of 1842?
2, 3, 307
What are the prime factors of 2328?
2, 3, 97
Wha